 b(a) = 11385*a + 318711. What is b(-28)?
-69
Let s(g) = g**3 + 121*g**2 + 3665*g + 223. What is s(-60)?
-77
Let s(q) = q**3 + q**2 - 141*q + 86. Determine s(11).
-13
Let y(h) = -3*h**3 + 89*h**2 - 233*h + 108. What is y(2)?
-26
Let l(x) = 5*x**2 + 98427*x + 491999. Give l(-5).
-11
Let q(h) = -142*h - 25979. Determine q(-183).
7
Let n(h) = 2*h**3 - 131*h**2 - 4682*h + 304651. What is n(66)?
-5
Let z(r) = 75089*r + 2553028. Give z(-34).
2
Let u(z) = -171*z + 28335. Give u(174).
-1419
Let b(n) = -15202*n + 91169. What is b(6)?
-43
Let k(f) = 293278*f - 63054772. Calculate k(215).
-2
Let f(i) = i**3 + 140*i**2 - 259*i + 10. Determine f(0).
10
Let m(b) = 2*b**2 - 544*b - 16318. Calculate m(-27).
-172
Let i(s) = -2*s**3 + 21*s**2 + 20*s - 64. What is i(12)?
-256
Let h(w) = -3*w**3 + 82*w**2 + 846*w - 22065. Determine h(28).
55
Let h(k) = -2*k**2 - 4785*k - 1616185. Give h(-407).
12
Let x(q) = -105*q**2 + 1290*q - 54. Calculate x(14).
-2574
Let r(n) = 2*n**2 + 4152*n + 33067. Give r(-8).
-21
Let l(a) = 11595*a + 962372. What is l(-83)?
-13
Let r(f) = 3*f**2 - 585*f - 4057. Determine r(202).
185
Let f(w) = 44*w**2 + 164*w - 291. What is f(-5)?
-11
Let g(i) = 153*i + 24094. Determine g(-175).
-2681
Let j(h) = 2*h**3 - 7*h**2 - 6073*h + 48039. Calculate j(8).
31
Let g(i) = 3*i**2 + 351945*i - 1407823. Give g(4).
5
Let i(t) = 2*t**2 + 532*t + 17837. Determine i(-39).
131
Let d(z) = z**3 - 23*z**2 + 40*z + 255. Determine d(20).
-145
Let c(i) = -15*i**2 - 55*i - 110. What is c(-6)?
-320
Let f(k) = -k**3 + 21*k**2 + 35*k + 420. Determine f(23).
167
Let n(x) = x**2 - 434*x + 5474. Give n(13).
1
Let d(i) = -i**3 - 199*i**2 - 2370*i - 90729. Give d(-189).
-9
Let g(y) = 2*y**3 + 56*y**2 - 257*y + 279. What is g(2)?
5
Let v(b) = 73381*b + 440957. Give v(-6).
671
Let q(p) = 173*p**2 - 8442*p - 1707. Calculate q(49).
8
Let r(c) = 2156*c + 58174. What is r(-27)?
-38
Let f(t) = t**3 - 15*t**2 - 691*t - 337. Calculate f(35).
-22
Let m(u) = 18*u**2 + 299*u + 3412. Calculate m(-14).
2754
Let i(k) = -1703*k - 78330. Calculate i(-46).
8
Let t(p) = 12*p**2 + 70*p + 8. Give t(-8).
216
Let d(p) = p**3 - 402*p**2 + 3138*p + 5519. Calculate d(394).
3
Let o(j) = -j**3 + 263*j**2 - 15442*j + 3693. Give o(88).
-3
Let a(c) = -4*c**3 - 1126*c**2 + 3986*c - 975. What is a(-285)?
165
Let v(j) = -j**2 - 5474*j + 253901. Calculate v(46).
-19
Let k(p) = 30436*p - 183280. What is k(6)?
-664
Let t(z) = -z**3 + 3*z**2 + 33*z - 164. Calculate t(6).
-74
Let u(c) = -590*c**3 - 7*c**2 - 48*c - 47. Calculate u(-1).
584
Let n(d) = d**3 + 13*d**2 - 153*d - 12. What is n(0)?
-12
Let s(r) = r**3 + 54*r**2 + 155*r + 2325. Give s(-52).
-327
Let q(t) = -51*t**3 + 9*t**2 - 1403*t + 1394. Calculate q(1).
-51
Let l(y) = 73*y + 7571. What is l(-104)?
-21
Let v(o) = -2481*o + 1871. Give v(0).
1871
Let q(m) = -3578*m - 139540. Determine q(-39).
2
Let b(v) = -342*v - 56085. Determine b(-164).
3
Let h(o) = -o**2 + 466*o - 30364. Give h(79).
209
Let m(k) = -11*k**3 - 373*k**2 + 10*k - 761. Determine m(-34).
55
Let k(n) = 369*n - 1895. Determine k(8).
1057
Let r(y) = 20*y**2 + 8*y + 118. Determine r(-6).
790
Let f(l) = -7*l**2 - 2925*l + 1728. Determine f(-418).
1310
Let d(y) = -7*y**2 + 2890*y + 2878. What is d(414)?
-434
Let l(k) = 33575*k - 1007575. Calculate l(30).
-325
Let g(u) = 1305*u + 60426. Calculate g(-46).
396
Let t(m) = 4*m**3 + 86*m**2 - 20*m - 609. Give t(-21).
693
Let m(q) = -2917*q + 2569880. Calculate m(881).
3
Let i(d) = -3*d**2 + 91*d + 635. Determine i(35).
145
Let j(a) = 3*a**3 - 13*a**2 - 11060*a + 55237. What is j(5)?
-13
Let y(u) = -254*u**2 - 4545*u + 5341. Determine y(-19).
2
Let i(a) = 2*a**3 - 180*a**2 + 1657*a - 1730. Give i(9).
61
Let j(x) = -73884*x - 443266. Give j(-6).
38
Let v(o) = -112*o**2 + 28*o - 1. Give v(-1).
-141
Let r(v) = -43355*v + 1777567. Determine r(41).
12
Let z(f) = -f**2 + 187*f + 27174. What is z(-96)?
6
Let g(z) = -228*z**2 + 14594*z - 73. Calculate g(64).
55
Let b(z) = 5*z**3 + 47*z**2 - 207*z - 1660. What is b(-7)?
377
Let x(w) = 895*w**2 + 1780*w - 4. Calculate x(-2).
16
Let m(b) = -3*b**3 + 47*b - 997. Determine m(0).
-997
Let n(d) = -d**3 + 107*d**2 - 978*d + 47729. Calculate n(102).
-7
Let t(h) = 1569958*h - 4709881. Give t(3).
-7
Let k(p) = -4*p**3 + 21*p**2 + 94*p + 69. Determine k(-5).
624
Let m(q) = 644*q - 228. Calculate m(1).
416
Let t(s) = s**2 - 317*s + 1547. Calculate t(0).
1547
Let h(b) = 4*b**2 + 82*b + 424. Determine h(-38).
3084
Let m(j) = -j**2 + 46109*j + 92222. What is m(-2)?
0
Let l(u) = 6549*u + 38295. What is l(-6)?
-999
Let i(k) = -179*k + 98. Calculate i(-1).
277
Let d(j) = -2*j**2 + 609*j - 7600. Calculate d(13).
-21
Let x(b) = 294*b + 42854. Calculate x(-146).
-70
Let a(g) = 16*g**3 + 1873*g**2 + 121*g + 466. Calculate a(-117).
-2
Let q(a) = -316*a + 108403. Determine q(343).
15
Let g(p) = -p**3 - 56*p**2 + 19380*p - 19. Give g(-170).
-19
Let f(q) = -24*q**3 - 375*q**2 + q + 19. What is f(-15)?
-3371
Let m(c) = 213*c**2 - 1804*c + 3481. What is m(3)?
-14
Let u(y) = 25*y**2 + 1154*y + 2328. Determine u(-2).
120
Let l(c) = 1749*c - 283333. Calculate l(162).
5
Let o(h) = 64*h**2 + 2644*h + 463. Calculate o(-41).
-357
Let y(q) = -q**2 - 2188*q - 43331. Calculate y(-20).
29
Let l(o) = -o**2 + 305*o - 455. Give l(0).
-455
Let g(j) = 65*j**2 + 127*j - 523. Calculate g(4).
1025
Let t(s) = 1045*s + 358442. What is t(-343)?
7
Let c(z) = z**3 - 39*z**2 + 144*z + 5. Calculate c(35).
145
Let f(o) = 2060*o**3 - 17*o**2 - 1. Give f(1).
2042
Let u(c) = -c**2 + 354*c + 5534. Determine u(-15).
-1
Let n(v) = v**2 - 3302*v - 143826. Calculate n(-43).
9
Let a(h) = -h**3 + 64*h**2 - 341*h - 5032. Determine a(14).
-6
Let s(r) = 12718*r - 585023. Give s(46).
5
Let z(u) = -3*u**3 + 3*u**2 + 52*u - 149. Determine z(3).
-47
Let n(y) = -98*y**3 + 4797*y**2 + 176*y + 3385. Give n(49).
4
Let i(g) = -3*g**2 - 1591*g + 16213. What is i(10)?
3
Let n(i) = 3*i**3 - 306*i**2 + 20*i + 232. Calculate n(102).
2272
Let s(k) = 126*k**2 - 10959*k - 217. Calculate s(87).
44
Let p(g) = -312*g - 1888. Calculate p(-6).
-16
Let c(f) = 85*f**3 - 5*f**2 - 91*f + 97. Calculate c(1).
86
Let j(x) = 265*x**2 + 30207*x - 345. What is j(-114)?
-3
Let y(p) = 2*p**2 + 3888*p - 417378. Calculate y(102).
6
Let l(b) = 23721*b + 4601887. Calculate l(-194).
13
Let t(q) = -q**3 + 7*q**2 + 226*q + 1536. Calculate t(-7).
640
Let p(f) = f**3 + 13*f**2 - 28*f - 339. Determine p(-9).
237
Let p(i) = -3*i**3 + 311*i**2 + 1312*i + 70. What is p(-4)?
-10
Let s(w) = -w**3 + 8*w**2 - 104*w + 260. Determine s(17).
-4109
Let w(d) = d**2 + 364*d - 1070. What is w(-367)?
31
Let a(t) = -t**2 + 7164*t + 259162. Determine a(-36).
-38
Let t(h) = -21*h**3 - 16*h**2 + 27*h + 198. What is t(-3)?
540
Let h(s) = -84*s**2 + 1109*s + 939. Determine h(14).
1
Let n(v) = 7607*v + 45646. Give n(-6).
4
Let h(v) = -v**3 + 72*v**2 - 202*v - 245. What is h(69)?
100
Let r(u) = -u**3 - 43*u**2 + 3289*u + 1249. Give r(40).
9
Let h(d) = d**2 + 751*d + 108982. Determine h(-205).
-2948
Let c(t) = 1909*t - 43817. Determine c(23).
90
Let w(n) = -n**3 - 43*n**2 + 33*n + 2740. Determine w(-42).
-410
Let w(u) = -18*u**3 + 109*u**2 + 4*u + 33. Calculate w(6).
93
Let p(o) = -6*o**2 + 117*o + 357. Give p(-3).
-48
Let r(f) = -5*f**3 - 609*f**2 + 134*f - 345. What is r(-122)?
-1809
Let l(v) = -2280*v**2 + 189242*v - 119. Give l(83).
47
Let d(r) = 970*r - 12958. What is d(15)?
1592
Let m(z) = 6195*z + 138079. Determine m(-22).
1789
Let x(l) = -2*l**3 - 69*l**2 + 13*l - 76. What is x(-35)?
694
Let h(x) = 2*x**3 - 88*x**2 + 201*x + 2196. Give h(41).
351
Let n(p) = -110786*p**2 - 221567*p - 6. Give n(-2).
-16
Let a(g) = 3*g**3 - 9*g**2 + 15*g - 9. Determine a(0).
-9
Let d(h) = -2*h**3 - 15*h**2 + 148*h + 945. What is d(-7)?
-140
Let k(q) = -q**2 - 14892*q - 208289. Calculate k(-14).
3
Let l(f) = -4*f**2 + 5696*f - 56606. Calculate l(10).
-46
Let a(u) = -48*u**2 + 2101*u + 308. Determine a(44).
-176
Let l(j) = -j**2 + 577*j + 25981. Determine l(-42).
-17
Let z(g) = -2*g**3 - 7*g**2 + 239*g + 1531. Determine z(-7).
201
Let r(j) = -2*j**2 - 566*j - 9053. Calculate r(-16).
-509
Let a(l) = -8*l**2 + 3195*l - 25050. Determine a(8).
-2
Let a(u) = u**3 + 1460*u**2 - 35635*u - 28188. Give a(-1484).
8
Let f(u) = 2*u**3 + 31*u**2 + 136*u + 334. Give